{"id":57,"date":"2016-08-13T13:27:24","date_gmt":"2016-08-13T11:27:24","guid":{"rendered":"http:\/\/theoretikerclub.de\/?page_id=57"},"modified":"2016-08-18T21:11:39","modified_gmt":"2016-08-18T19:11:39","slug":"blogchat","status":"publish","type":"page","link":"http:\/\/theoretikerclub.de\/index.php\/blogchat\/","title":{"rendered":"\/blog\/chat"},"content":{"rendered":"<p><em>In ihrem Blog-Chat unterhalten sich die Theoretiker und Aushilfs-Theoretiker Knut \u00fcber die Widrigkeiten des Lebens: Hirnrissige Schwestern, nervende Nachbarjungs, Helikopterm\u00fctter, die Missgunst der G\u00f6tter und das unzuverl\u00e4ssige Zahlenorakel. <\/em><\/p>\n<p><em>Hier ein Auszug aus <strong>Der Theoretikerclub<\/strong><strong><em>, Kapitel 1 #derblogister\u00f6ffnet<\/em><br \/>\n<\/strong><\/em><\/p>\n<p>&nbsp;<\/p>\n<p><strong><img loading=\"lazy\" class=\"wp-image-112 alignleft\" src=\"http:\/\/theoretikerclub.de\/wp-content\/uploads\/2016\/08\/Albert_135.jpg\" alt=\"Albert_135\" width=\"70\" height=\"84\" \/>Albert, 15.3., 13:47<\/strong><\/p>\n<p>Echinacea? Welcher Gehirnblonde hat sich denn dieses bescheuerte Passwort ausgedacht?<\/p>\n<p>&nbsp;<\/p>\n<p><strong><img loading=\"lazy\" class=\"wp-image-113 alignleft\" src=\"http:\/\/theoretikerclub.de\/wp-content\/uploads\/2016\/08\/Roman_135.jpg\" alt=\"Roman_135\" width=\"70\" height=\"68\" \/>Roman, 15.3., 13:49<\/strong><\/p>\n<p>Salve, Bruder. Wir hei\u00dfen dich in unserem Theoretiker-Club-Blog willkommen!<\/p>\n<p>&nbsp;<\/p>\n<p><strong><img loading=\"lazy\" class=\"wp-image-112 alignleft\" src=\"http:\/\/theoretikerclub.de\/wp-content\/uploads\/2016\/08\/Albert_135.jpg\" alt=\"Albert_135\" width=\"70\" height=\"84\" \/>Albert, 15.3., 13:51<\/strong><\/p>\n<p>H\u00f6r doch mit dem ewigen Latein-Geschwafel auf, Benji. Das nervt.<\/p>\n<p>&nbsp;<\/p>\n<p><strong><img loading=\"lazy\" class=\"wp-image-113 alignleft\" src=\"http:\/\/theoretikerclub.de\/wp-content\/uploads\/2016\/08\/Roman_135.jpg\" alt=\"Roman_135\" width=\"70\" height=\"68\" \/>Roman, 15.3., 13:52<\/strong><\/p>\n<p>ROMAN. Bitte, ich hei\u00dfe ab sofort ROMAN. Ich kann wenigstens von meinen besten Freunden erwarten, dass sie meinen r\u00f6mischen Glauben und den neuen Namen ernst nehmen.<\/p>\n<p><strong><img loading=\"lazy\" class=\"wp-image-112 alignleft\" src=\"http:\/\/theoretikerclub.de\/wp-content\/uploads\/2016\/08\/Albert_135.jpg\" alt=\"Albert_135\" width=\"70\" height=\"84\" \/>Albert, 15.3., 13:58<\/strong><\/p>\n<p>Meinetwegen, ROMAN. Ich geb\u2019s auf. Mal im Ernst: Warst du das mit dem Kack-Passwort?<\/p>\n<p>&nbsp;<\/p>\n<p><b><img loading=\"lazy\" class=\"wp-image-114 alignleft\" src=\"http:\/\/theoretikerclub.de\/wp-content\/uploads\/2016\/08\/Knut_135.jpg\" alt=\"Knut_135\" width=\"70\" height=\"66\" \/>Knut, 15.3., 14:05<\/b><\/p>\n<p>Was isn E-China\u2026?<b> <\/b><\/p>\n<p>&nbsp;<\/p>\n<p><b><strong><img loading=\"lazy\" class=\"wp-image-113 alignleft\" src=\"http:\/\/theoretikerclub.de\/wp-content\/uploads\/2016\/08\/Roman_135.jpg\" alt=\"Roman_135\" width=\"70\" height=\"68\" \/><\/strong>Roman, 15.3., 14:34<\/b><\/p>\n<p>Entschuldigung, musste noch Mittag essen und Klavier \u00fcben. Nein, ich bin \u00fcbrigens nicht der Urheber dieses Passworts. Linus hat sich das ausgedacht.<\/p>\n<p>&nbsp;<\/p>\n<p><b><img loading=\"lazy\" class=\"wp-image-114 alignleft\" src=\"http:\/\/theoretikerclub.de\/wp-content\/uploads\/2016\/08\/Knut_135.jpg\" alt=\"Knut_135\" width=\"70\" height=\"66\" \/>Knut, 15.3., 14:35<\/b><\/p>\n<p>Was ist denn jetzt ECHINACEA? Die Hilfe im iPet kennt das Wort nicht.<\/p>\n<p>&nbsp;<\/p>\n<p><b><strong><img loading=\"lazy\" class=\"wp-image-112 alignleft\" src=\"http:\/\/theoretikerclub.de\/wp-content\/uploads\/2016\/08\/Albert_135.jpg\" alt=\"Albert_135\" width=\"70\" height=\"84\" \/><\/strong>Albert, 15.3., 14:36<\/b><\/p>\n<p>iPAD.<\/p>\n<p>&nbsp;<\/p>\n<p><b><strong><img loading=\"lazy\" class=\"wp-image-113 alignleft\" src=\"http:\/\/theoretikerclub.de\/wp-content\/uploads\/2016\/08\/Roman_135.jpg\" alt=\"Roman_135\" width=\"70\" height=\"68\" \/><\/strong>Roman, 15.3., 14:36<\/b><\/p>\n<p>Es hei\u00dft iPad mit AAAAA!<\/p>\n<p>&nbsp;<\/p>\n<p><b><img loading=\"lazy\" class=\"wp-image-114 alignleft\" src=\"http:\/\/theoretikerclub.de\/wp-content\/uploads\/2016\/08\/Knut_135.jpg\" alt=\"Knut_135\" width=\"70\" height=\"66\" \/>Knut, 15.3., 14:38<\/b><\/p>\n<p>JAAAAAAAA! Schon gut. Und was ist nun dieses Dingsbums, dieses Echingikea?<\/p>\n<p>&nbsp;<\/p>\n<p><b><img loading=\"lazy\" class=\"wp-image-111 alignleft\" src=\"http:\/\/theoretikerclub.de\/wp-content\/uploads\/2016\/08\/Linus135.jpg\" alt=\"Linus135\" width=\"70\" height=\"76\" \/>Linus, 15.3., 14:40<\/b><\/p>\n<p>Echinacea, oder Sonnenh\u00fcte, sind Heilpflanzen. Man wendet sie bei Husten, Heiserkeit und Mandelentz\u00fcndung an. Ich bin erk\u00e4ltet. Willkommen \u00fcbrigens, liebe Freunde, in unserem ersten offiziellen Computer-Tagebuch: Dem Theoretikerclub-Blog.<\/p>\n<p>&nbsp;<\/p>\n<p><b><img loading=\"lazy\" class=\"wp-image-114 alignleft\" src=\"http:\/\/theoretikerclub.de\/wp-content\/uploads\/2016\/08\/Knut_135.jpg\" alt=\"Knut_135\" width=\"70\" height=\"66\" \/>Knut, 15.3. 14:45<\/b><\/p>\n<p>Gute Besserung. K\u00f6nnen wir uns trotzdem gleich treffen? So richtig? Mir ist langweilig und Birgit braucht mal mein iPet.<\/p>\n<p>&nbsp;<\/p>\n<p><b><strong><img loading=\"lazy\" class=\"wp-image-113 alignleft\" src=\"http:\/\/theoretikerclub.de\/wp-content\/uploads\/2016\/08\/Roman_135.jpg\" alt=\"Roman_135\" width=\"70\" height=\"68\" \/><\/strong>Roman, 15.3., 14:46<\/b><\/p>\n<p>Mann!!!!! iPad \u2013 mit AAAAAAAAAAAA.<\/p>\n<p>&nbsp;<\/p>\n<p><b><img loading=\"lazy\" class=\"wp-image-111 alignleft\" src=\"http:\/\/theoretikerclub.de\/wp-content\/uploads\/2016\/08\/Linus135.jpg\" alt=\"Linus135\" width=\"70\" height=\"76\" \/>Linus, 15.3., 14:48<\/b><\/p>\n<p>Treffen ist gut. Meine Mutter will sowieso, dass ich \u201emich noch ein bisschen an der frischen Luft bewege\u201c. Wenn die w\u00fcsste. \ud83d\ude09<\/p>\n<p>&nbsp;<\/p>\n<p><b><strong><img loading=\"lazy\" class=\"wp-image-112 alignleft\" src=\"http:\/\/theoretikerclub.de\/wp-content\/uploads\/2016\/08\/Albert_135.jpg\" alt=\"Albert_135\" width=\"70\" height=\"84\" \/><\/strong>Albert, 15.3., 14:50<\/b><\/p>\n<p>\ud83d\ude09 15 Uhr MEZ. Baumhaus.<b> <\/b><\/p>\n<p>&nbsp;<\/p>\n<p><em>(Original-Zeichnungen: Copyright Vera Schmidt)<\/em><\/p>\n","protected":false},"excerpt":{"rendered":"<p>In ihrem Blog-Chat unterhalten sich die Theoretiker und Aushilfs-Theoretiker Knut \u00fcber die Widrigkeiten des Lebens: Hirnrissige Schwestern, nervende Nachbarjungs, Helikopterm\u00fctter, die Missgunst der G\u00f6tter und das unzuverl\u00e4ssige Zahlenorakel. Hier ein <a class=\"more-link\" href=\"http:\/\/theoretikerclub.de\/index.php\/blogchat\/\">Continue Reading \u2192<\/a><\/p>\n","protected":false},"author":1,"featured_media":0,"parent":0,"menu_order":0,"comment_status":"closed","ping_status":"closed","template":"","meta":[],"_links":{"self":[{"href":"http:\/\/theoretikerclub.de\/index.php\/wp-json\/wp\/v2\/pages\/57"}],"collection":[{"href":"http:\/\/theoretikerclub.de\/index.php\/wp-json\/wp\/v2\/pages"}],"about":[{"href":"http:\/\/theoretikerclub.de\/index.php\/wp-json\/wp\/v2\/types\/page"}],"author":[{"embeddable":true,"href":"http:\/\/theoretikerclub.de\/index.php\/wp-json\/wp\/v2\/users\/1"}],"replies":[{"embeddable":true,"href":"http:\/\/theoretikerclub.de\/index.php\/wp-json\/wp\/v2\/comments?post=57"}],"version-history":[{"count":7,"href":"http:\/\/theoretikerclub.de\/index.php\/wp-json\/wp\/v2\/pages\/57\/revisions"}],"predecessor-version":[{"id":126,"href":"http:\/\/theoretikerclub.de\/index.php\/wp-json\/wp\/v2\/pages\/57\/revisions\/126"}],"wp:attachment":[{"href":"http:\/\/theoretikerclub.de\/index.php\/wp-json\/wp\/v2\/media?parent=57"}],"curies":[{"name":"wp","href":"https:\/\/api.w.org\/{rel}","templated":true}]}}